9*h**2 + 561*h + 12. Is w(-7) a prime number?
True
Let o = 565 - 536. Let x(c) = 6*c**2 - 63*c + 146. Is x(o) a composite number?
True
Let a be (105/154 - 6/33)*-24. Is (-2 - (-71766)/a)*(-4)/10 prime?
True
Let s = 2384 + 2146. Suppose -r - 2*r + 6796 = -5*i, 4*i = 2*r - s. Is r prime?
True
Suppose 1280640 = 6*f + 86514. Is f composite?
False
Let r be 2 + (-1 - 0)*-3226. Let f be ((-189)/18)/(-21)*-2498. Let b = r + f. Is b prime?
True
Let n = -146744 + 676021. Is n composite?
True
Let i(u) = u**3 + 34*u**2 - 284*u + 11. Is i(24) prime?
False
Suppose 39*w - 16590770 = -31*w. Is w composite?
False
Is (-2430)/(-162) + 2 + 856326 prime?
True
Suppose -8*o - 21*o = -3*o - 10274758. Is o composite?
True
Suppose 0 = -2*d - 5*w + 14066, -14*d + 3*w = -16*d + 14074. Is d a prime number?
True
Let d(p) = 15*p - 270. Let j be d(18). Suppose j = 6*l - 47823 + 5409. Is l prime?
True
Is -18 + 23665031/117 - (-4)/(-18) a prime number?
False
Suppose 0 = -94*h + 98*h + 29560. Let a = 11421 + h. Is a composite?
True
Let q = 624 - -613. Let x = 2438 - q. Is x a composite number?
False
Suppose z = 2*k + 328 - 22, 2*k + 10 = 0. Suppose -5*r + 44*r = 14157. Suppose -5*y = -2*f - z, -5*f - 88 = 5*y - r. Is y a composite number?
True
Let j be 15/(-7) + (-2)/(-14). Let s be 2 - -6015 - (j + -3). Suppose -4*t + 33822 = -s. Is t prime?
False
Let u(c) = -13*c + 3*c + 524*c**2 + 3*c + 8*c. Let r be u(1). Is (-1 + r/(-9))/(8/(-12)) a prime number?
True
Let a = -23681 - -37384. Is a prime?
False
Let o = 125 + -553. Let u = 107 - o. Suppose -12*d + u = -11*d. Is d a composite number?
True
Suppose -15613 = -15*o + 2*o. Suppose 2*j - o = -v, 0 = -0*v + 3*v + j - 3583. Is v a composite number?
False
Let w(j) = -6*j**2 - 4*j + 2. Let r(i) = 4*i + 2*i**2 - 3*i + 27 - 28. Let c(s) = -11*r(s) - 4*w(s). Is c(-8) a composite number?
True
Let z = 771059 - 348106. Is z a prime number?
False
Let k(p) = -4*p - 5. Let f be k(-2). Suppose -q - 1220 = -f*q. Suppose -5*n - 2*l + 584 = 0, -4*n + q = -5*l + 123. Is n a prime number?
False
Let s(q) = 3*q**3 + 215*q**2 + 151*q - 116. Is s(-67) a composite number?
True
Suppose 16 = -2*j - 5*q, -3*q - 3 = 9. Let w(d) = -497*d**2 + 15*d + 2. Let r(h) = 249*h**2 - 8*h - 1. Let g(l) = -11*r(l) - 6*w(l). Is g(j) composite?
False
Let x = -8821 - -77366. Is x a prime number?
False
Let n(x) = -x**2 + 5. Let k be n(0). Let l be 0 + (-28)/(k + -1). Is (l/(-14))/(2/3228) a composite number?
True
Let u = -21 + 32. Suppose 2*j + 2*d = d + u, 0 = -3*j + 3*d + 12. Let s(t) = 36*t**2 - 5*t - 12. Is s(j) a composite number?
False
Let o be (92 + -72)*6/10. Suppose -11*u - 6805 = -o*u. Is u composite?
True
Suppose 53*y - 51*y + 5*f - 33053 = 0, -49551 = -3*y + 2*f. Is y a composite number?
False
Let v(r) = 19 + 2 - 1644*r - 2 - 12. Is v(-4) a prime number?
False
Is 45 - (-31 - 415959) - 12/(3 + -1) a prime number?
False
Let t(s) = 3*s**3 - s**2 - 9*s + 2. Let w be t(4). Let n = 123 + w. Is n a composite number?
True
Suppose 18 = 2*x - 6. Suppose -4*l = -7*l + x. Is 1*(3752/l - 1) a composite number?
False
Let f(v) = -5*v**3 - 11*v**2 + 8*v**3 - 58*v - 17*v**3 + 17 - 7*v**3 + 54*v. Is f(-6) prime?
False
Suppose 5*z - 28425 = -4*q + 9*q, -2*z + q = -11367. Let j = -1481 + z. Is j prime?
True
Let p be 21/(-12) + 0 + (-12)/48. Is (0 + 6549/p)*46/(-69) prime?
False
Suppose 0*o + 8*o - 31696 = 0. Let d = 7225 - o. Is d a composite number?
True
Let s(a) = -321*a**2 - 26*a + 131. Let u(o) = -106*o**2 - 9*o + 43. Let r(j) = 2*s(j) - 7*u(j). Is r(-10) composite?
False
Suppose -4*k - 4 = -h - 17, 2*k + 6 = -2*h. Suppose 5*j + 5*c = -85, -2*j = 2*j + k*c + 66. Is (j + 20)/(4/842) a prime number?
False
Is 1/(18/(-12)) + 5 + 418194/27 a prime number?
True
Let f = -44678 - -78865. Is f a composite number?
True
Is (-168022)/((4/6)/((-10)/30)) a composite number?
False
Let u(h) = -528*h**2 - 18*h - 10. Let y be u(6). Let b = y - -38859. Is b prime?
False
Suppose 0 = 4*t - 16, 3*t - 116 + 14 = -3*r. Is (-45)/r*(-70446)/9 a composite number?
True
Let b = -953 - -3651. Let f = -1361 + b. Is f a composite number?
True
Let o = 161197 - 62030. Is o a composite number?
True
Is (-2773762 + 0)*(27/(-12) + 259/148) composite?
False
Suppose 20*j = 11*j + 18. Suppose -m + 49 = 3*s, -3*m + 2*m = j*s - 45. Is m a prime number?
True
Let s(j) = 5*j**3 + 24*j**2 + 5*j - 39. Is s(14) prime?
False
Let i(r) = 141*r**2 - 13 - 7*r - 6 - 38*r**2 + 82*r**2. Is i(9) composite?
True
Let p be -3 + -1 - (2763 - -32). Let n = 4558 + p. Is n composite?
False
Suppose 0 = 4*f, -4*f - 28415 = -8*b + 3*b. Is b a prime number?
True
Let t(r) = -36*r - 10. Let k = -99 - -152. Suppose k*y = 58*y + 60. Is t(y) a composite number?
True
Let f be (-1)/(-1 + 2)*(-10 + 149). Let x = f + 213. Is x a composite number?
True
Let w(h) = -84*h + 77. Let j(x) = -335*x + 309. Let g(q) = 2*j(q) - 9*w(q). Is g(10) prime?
False
Let r = 211637 + -39720. Is r a composite number?
False
Let u = -251 - -851. Let x(c) = 13*c**2 - 4*c + 4. Let f be x(3). Let o = u - f. Is o a composite number?
False
Let f(y) = -y**2 + 10*y + 23. Let m be f(11). Is 1 + (-15)/(-5)*4600/m prime?
True
Suppose -3*d + 49 = -5. Suppose -m + 7*m = d. Is (-1263 + m + -2)/(-2) prime?
True
Let q = 342209 + -188896. Is q a prime number?
True
Let j(g) = -86*g + 16. Let s(w) = -w**2 + 8*w - 3. Let k be s(7). Suppose 0 = 3*r + 3, -3*m + k*r = -0*m + 11. Is j(m) prime?
False
Let i = 678 - 813. Is 2/(-18) + (-3328440)/i prime?
False
Let p be (1/2)/((-5)/220). Let y = p - -22. Suppose y = 6*z - z + 5*t - 1235, 3*t = -4*z + 992. Is z a composite number?
False
Let c = 377499 - 79592. Is c composite?
False
Let m be 208/(-10)*1240/(-16). Let x = m - -14149. Is x prime?
True
Suppose 5*z + g - 194 = 0, 4*g - 26 = 5*z - 225. Suppose 2*k + 55 - z = 0. Let b(m) = m**3 + 12*m**2 + 4*m - 1. Is b(k) a prime number?
True
Suppose -71*p = -67*p. Suppose -33*m - 1823 = -34*m - 5*t, p = 4*t. Is m composite?
False
Suppose -5*t + 20 = 0, c - 2*t + 1 = -4. Suppose -c*l - z = -17940, 3*l - 17949 = 3*z - z. Is l composite?
False
Suppose m - 5345 = 2*l + 8942, -4*m - l = -57130. Let o = m - 5914. Is o a prime number?
True
Suppose -3 = 3*y, 4*v + 4*y - 184 = -0*v. Suppose -2*h + 649 = 5*o, 0*o + 395 = 3*o + 4*h. Let u = o - v. Is u composite?
True
Let s = 48 - 42. Let v(x) = -x + 1. Let h be v(s). Is 3759/15 + (-2)/h a composite number?
False
Let q = -9109 - 1872. Let n = 19908 + q. Is n composite?
True
Let u = 2063 - 2910. Let b = u + 1550. Is b prime?
False
Let v(p) = -29*p**2 - 9*p + 1. Suppose -2*o - 36 = -8*o. Let c be v(o). Let a = 1660 + c. Is a prime?
True
Suppose 285*n = 1094993 + 31679152. Is n a composite number?
False
Suppose 5*d + 4*g = 1110593 - 92910, 0 = 12*d - g - 2442365. Is d composite?
False
Suppose -13*y + 11*y + 4562 = 0. Suppose -4*x = 3*v - 3497, 5*v + 4*x - y = 3534. Is v a prime number?
False
Let n be 1008 + 4 + (-9 - -3). Suppose -j + 2*w + 659 = 0, -2*j = -w - n - 321. Suppose 7*x = j + 588. Is x a composite number?
False
Let s = -20333 + 40656. Is s a prime number?
True
Suppose -y + 5 = -g - 2, -5*g = y + 29. Let a be ((-16)/(-6))/(g/(-9)). Suppose 2*d = -3*s + 4087, 0 = a*s - 2*d - 3*d - 5434. Is s a prime number?
True
Suppose -132*t + 639597 + 788088 = -1254951. Is t composite?
False
Let p = -133 + 131. Is (1 - 5)/8*p*263 composite?
False
Let t(n) = 182*n**2 - 14*n + 17. Let x(d) = -272*d**2 + 22*d - 25. Let o(c) = 8*t(c) + 5*x(c). Is o(-4) prime?
False
Let c = -281 - -955. Suppose -114*g + c = -112*g. Is g composite?
False
Let y(g) = -10*g + 33. Let v(k) = 3*k - 62. Let f be v(21). Let z be (f - (0 + -1))/(29/(-145)). Is y(z) a prime number?
False
Suppose -27*z + 24*z + 9 = 0. Suppose -3*j + 63885 = 4*g, -5*g = -4*j - z*g + 85180. Is j a composite number?
True
Suppose 14276 = 11*x - 11805. Is x a composite number?
False
Suppose -12 = -6*g + 6. Suppose -5*w + g*u + 143 = 0, -29 - 24 = -2*w - 3*u. Suppose -23*v + w*v = 1705. Is v composite?
True
Suppose 0 = x - 3*h - 0 - 42, 0 = h + 2. Suppose -54 = -x*j + 39*j. Is (-26652)/j*(-6)/(-4) a prime number?
True
Suppose 7*r + 5 = 40. Suppose 22*a - 27*a + 35341 = 2*n, -35329 = -r*a + 2*n. Is a prime?
False
Let w(t) = t**3 + 31*t**2 + t + 11. Let f be w(-16). Suppose 4*y = 3*h + 15295, -4*h + h + f = y. Is y prime?
False
Le